3273796 and 17620?
3524
What is the highest common factor of 16494 and 11406?
6
What is the greatest common factor of 873079966 and 22?
22
Calculate the highest common factor of 708303 and 595533.
537
What is the greatest common divisor of 45648 and 34514960?
5072
What is the greatest common factor of 6285426 and 33222?
294
What is the highest common divisor of 225131 and 68306?
697
Calculate the highest common factor of 903435 and 2039650.
565
Calculate the greatest common divisor of 33688285 and 290.
145
What is the highest common factor of 155440083 and 1069?
1069
Calculate the greatest common factor of 713556 and 396.
36
Calculate the greatest common factor of 15660 and 28620.
540
What is the highest common divisor of 20081776 and 871?
871
What is the greatest common divisor of 5423033 and 4?
1
What is the greatest common factor of 46601262 and 570?
114
What is the greatest common divisor of 17 and 830463685?
17
What is the highest common factor of 54 and 7723038?
6
What is the greatest common factor of 19555088 and 1344?
112
What is the greatest common divisor of 550 and 828190?
110
Calculate the greatest common factor of 1003 and 542011.
17
Calculate the highest common divisor of 1860 and 1378725.
465
What is the highest common divisor of 224831614 and 3962?
3962
What is the greatest common divisor of 22820 and 4942?
14
What is the highest common factor of 244913 and 1104419?
4621
Calculate the greatest common divisor of 1305970 and 21900.
730
What is the highest common divisor of 117427490 and 3560?
890
Calculate the greatest common factor of 8227 and 7776247.
433
What is the greatest common divisor of 191397853 and 1528?
191
What is the greatest common factor of 1311 and 898173?
69
Calculate the highest common factor of 100894536 and 2034.
2034
What is the highest common divisor of 1140 and 52550922?
114
Calculate the highest common divisor of 22779 and 138321.
9
Calculate the greatest common divisor of 1229933 and 7576339.
1207
What is the greatest common divisor of 28325 and 25845275?
2575
What is the highest common factor of 306516 and 23051?
623
Calculate the highest common divisor of 20048602 and 49.
7
What is the greatest common factor of 1701034 and 92?
46
What is the highest common divisor of 1 and 657744?
1
Calculate the greatest common factor of 1686 and 2221586.
562
What is the highest common factor of 864 and 3120768?
864
Calculate the highest common divisor of 72668136 and 372.
12
What is the highest common divisor of 708 and 85483802?
118
What is the highest common factor of 22 and 28241818?
22
Calculate the greatest common factor of 553913 and 711003.
683
Calculate the highest common divisor of 43088 and 770198.
5386
Calculate the highest common divisor of 645 and 832179.
129
What is the greatest common factor of 17334966 and 99?
33
Calculate the greatest common divisor of 931 and 102380208.
931
What is the greatest common divisor of 242568 and 1359?
9
What is the greatest common divisor of 13868 and 90400?
4
Calculate the highest common divisor of 18643332 and 1140.
228
Calculate the highest common factor of 5 and 70398290.
5
Calculate the highest common divisor of 22828 and 3119584.
52
Calculate the greatest common divisor of 7471933 and 28.
7
Calculate the highest common factor of 413637 and 105.
21
What is the greatest common divisor of 47027015 and 490?
245
What is the highest common factor of 19786890 and 2940?
30
Calculate the greatest common factor of 27399778 and 3290.
658
What is the greatest common factor of 615 and 43125?
15
What is the greatest common factor of 94 and 4283157?
47
Calculate the highest common divisor of 409846431 and 1137.
1137
What is the greatest common factor of 2850552 and 52?
4
What is the greatest common divisor of 1326 and 47400522?
1326
Calculate the highest common factor of 2277 and 57923.
1
Calculate the greatest common factor of 63640 and 2580860.
860
What is the highest common divisor of 261 and 409018059?
261
What is the highest common factor of 99 and 90040617?
9
What is the greatest common factor of 563456 and 2356?
124
Calculate the highest common divisor of 4544 and 3124568.
568
What is the highest common divisor of 1647 and 24477?
3
What is the highest common factor of 39253988 and 1708?
244
What is the greatest common factor of 1319880 and 275400?
2040
What is the highest common divisor of 21305454 and 68?
34
Calculate the highest common factor of 665799 and 3198.
123
What is the highest common divisor of 697571 and 15209?
227
Calculate the greatest common factor of 33832 and 15992.
8
Calculate the greatest common divisor of 4720 and 4514120.
40
Calculate the highest common divisor of 40473251 and 12831.
4277
What is the greatest common divisor of 9938226 and 30?
6
Calculate the highest common factor of 705021928 and 16.
8
What is the highest common divisor of 3158895 and 967445?
5345
Calculate the greatest common factor of 5882833 and 1185173.
1793
Calculate the greatest common divisor of 286280 and 43879567.
7157
Calculate the greatest common divisor of 158238 and 376821.
1341
What is the greatest common factor of 55 and 9596675?
55
Calculate the highest common divisor of 1824 and 561292832.
608
What is the greatest common factor of 1458847 and 1249352?
3809
Calculate the highest common divisor of 1005416 and 1392584.
872
What is the greatest common factor of 243816 and 34176?
24
What is the highest common divisor of 128531 and 269516?
13
What is the greatest common divisor of 289612 and 508504?
68
Calculate the highest common divisor of 2702881 and 19737.
17
What is the highest common factor of 518857 and 18768?
391
Calculate the highest common factor of 26999 and 4773139.
1421
Calculate the highest common divisor of 342 and 8028184.
38
Calculate the highest common divisor of 228617508 and 168.
84
Calculate the highest common factor of 826960 and 160.
80
What is the highest common factor of 10701748 and 1256?
628
What is the greatest common factor of 25371 and 2061?
9
Calculate the greatest common divisor of 888 and 4676856.
24
Calculate the greatest common divisor of 24 and 728352.
24
What is the highest common factor of 11610 and 967930?
430
What is the greatest common factor of 8323580 and 127?
127
What is the greatest common divisor of 1386696129 and 1911?
1911
What is the greatest common divisor of 1520841 and 3171?
21
Calculate the greatest common factor of 17739 and 2394.
9
Calculate the greatest common divisor of 90 and 3538395.
45
Calculate the greatest common divisor of 25455222 and 156.
78
Calculate the highest common divisor of 2505313 and 141869.
1559
What is the highest common factor of 85666100 and 300?
100
Calculate the greatest common divisor of 105714 and 101259.
9
What is the highest common divisor of 36978156 and 16506?
2358
What is the highest common factor of 574560 and 154980?
3780
Calculate the highest common factor of 16892370 and 1812.
906
Calculate the greatest common factor of 970312 and 15848.
56
Calculate the highest common factor of 1407 and 16527091.
469
What is the greatest common divisor of 237921308 and 292?
292
Calculate the greatest common divisor of 4428 and 11258436.
492
Calculate the greatest common divisor of 12532 and 12389.
13
What is the greatest common divisor of 367483 and 2706?
41
What is the greatest common divisor of 1290 and 377490?
30
Calculate the highest common factor of 3 and 19094883.
3
Calculate the greatest common divisor of 31275174 and 126.
42
Calculate the greatest common factor of 2073246252 and 924.
924
Calculate the greatest common factor of 38111056 and 16.
16
What is the highest common divisor of 182892 and 7620?
12
What is the greatest common factor of 17121700 and 2?
2
Calculate the greatest common divisor of 90300 and 476175.
525
Calculate the highest common factor of 768 and 27687552.
384
What is the highest common divisor of 67392 and 13651092?
4212
Calculate the highest common factor of 1072870 and 4658.
34
Calculate the greatest common divisor of 1102 and 18491212.
58
Calculate the highest common factor of 12216 and 11209707.
1527
Calculate the greatest common divisor of 29946 and 62846.
14
Calculate the greatest common factor of 93395 and 1600.
5
Calculate the highest common factor of 2369 and 